{"id":18,"date":"2017-03-23T10:01:22","date_gmt":"2017-03-23T09:01:22","guid":{"rendered":"http:\/\/bee.community\/?page_id=18"},"modified":"2023-02-22T09:19:36","modified_gmt":"2023-02-22T08:19:36","slug":"activites","status":"publish","type":"page","link":"http:\/\/www.lentic.ulg.ac.be\/index.php\/activites\/","title":{"rendered":"Activit\u00e9s"},"content":{"rendered":"<p><a href=\"http:\/\/www.lentic.ulg.ac.be\/index.php\/category\/missions-en-cours\/\">Consulter les missions en cours<\/a> \u2758 <a href=\"http:\/\/www.lentic.ulg.ac.be\/index.php\/category\/archives\/\">Consulter les missions r\u00e9alis\u00e9es<\/a> \u2758 <a href=\"https:\/\/orbi.uliege.be\/reports?action=1&amp;conjunction_1=AND&amp;field_1=researchcenter&amp;value_1_authority=ORG_895&amp;value_1=LENTIC+-+Laboratoire+d%27%C3%89tudes+sur+les+Nouvelles+Formes+de+Travail%2C+l%27Innovation+et+le+Changement+-+ULi%C3%A8ge&amp;year_start=&amp;year_end=&amp;references=&amp;model=hec&amp;format=apa&amp;abstract_length=100&amp;sort_1=issued_dt%3Adesc&amp;sort_1=author_sort%3Aasc&amp;sort_1=title_sort%3Aasc&amp;output=html&amp;lang_report=en&amp;title=Publications+et+communications+du+LENTIC\" target=\"_blank\" rel=\"noopener\">Consulter la liste de nos publications<\/a><\/p>\n<p>Nos missions s\u2019inscrivent dans deux approches compl\u00e9mentaires : la recherche acad\u00e9mique, d\u2019une part, r\u00e9solument tourn\u00e9e vers la compr\u00e9hension des ph\u00e9nom\u00e8nes \u00e9tudi\u00e9s ; et la recherche-intervention, d\u2019autre part, orient\u00e9e vers la mise en place d\u2019actions concr\u00e8tes.<\/p>\n<p>Elles se traduisent en trois axes :<\/p>\n<ol>\n<li><span style=\"color: #f07d00;\">L\u2019analyse<\/span> porte sur la r\u00e9alisation d\u2019\u00e9tudes, de mod\u00e9lisation et de diagnostic et d\u2019\u00e9valuation en lien avec nos quatre th\u00e9matiques de travail<\/li>\n<li><span style=\"color: #f07d00;\">L\u2019anticipation<\/span> vise \u00e0 l\u2019exploration de possibilit\u00e9s et \u00e0 la r\u00e9daction de propositions de recommandations<\/li>\n<li><span style=\"color: #f07d00;\">L\u2019accompagnement<\/span> et la formation se retrouvent principalement dans les missions de recherche-intervention au travers de plans d\u2019actions, de coaching ou de formation, mais \u00e9galement dans les missions de recherche acad\u00e9mique au travers des enseignements universitaires et des innovations p\u00e9dagogiques.<\/li>\n<\/ol>\n<p>Nos champs d\u2019action peuvent \u00eatre synth\u00e9tis\u00e9s dans le tableau suivant. Dans un souci de compl\u00e9mentarit\u00e9 et de diversit\u00e9, il est fr\u00e9quent qu\u2019une mission s\u2019inscrive dans les deux approches et mobilise plusieurs des axes \u00e9voqu\u00e9s.<\/p>\n<style type=\"text\/css\">\n.tg  {border-collapse:collapse;border-spacing:0;width:500px;}<br \/>\n.tg td{font-family:Arial, sans-serif;font-size:14px;padding:10px 5px;border-style:solid;border-width:1px;overflow:hidden;word-break:normal;}<br \/>\n.tg th{font-family:Arial, sans-serif;font-size:14px;font-weight:normal;padding:10px 5px;border-style:solid;border-width:1px;overflow:hidden;word-break:normal;}<br \/>\n.tg .tg-yw4l{text-align:center;vertical-align:top}<br \/>\n.tg .tg-amwm{font-weight:bold;text-align:center;vertical-align:top}<br \/>\n.tg .tg-9hbo{text-align:center;vertical-align:top}<br \/>\n@media screen and (max-width: 767px) {.tg {width: auto !important;}.tg col {width: auto !important;}.tg-wrap {overflow-x: auto;-webkit-overflow-scrolling: touch;}}<\/style>\n<table class=\"tg\">\n<tbody>\n<tr>\n<th class=\"tg-yw4l\"><\/th>\n<th class=\"tg-amwm\" style=\"color: #00a3cc;\">COMPRENDRE<\/th>\n<th class=\"tg-amwm\" style=\"color: #00a3cc;\">AGIR<\/th>\n<\/tr>\n<tr>\n<td class=\"tg-yw4l\"><\/td>\n<td class=\"tg-9hbo\">Recherche acad\u00e9mique<\/td>\n<td class=\"tg-9hbo\">Recherche action<\/td>\n<\/tr>\n<tr>\n<td class=\"tg-9hbo\">Analyser<\/td>\n<td class=\"tg-yw4l\">Etudes<br \/>\nMod\u00e9lisation th\u00e9orique<\/td>\n<td class=\"tg-yw4l\">Diagnostic<br \/>\nAudit<br \/>\nEvaluation<\/td>\n<\/tr>\n<tr>\n<td class=\"tg-9hbo\">Anticiper<\/td>\n<td class=\"tg-yw4l\">Exploration<br \/>\nProspective<br \/>\nRecommandations<\/td>\n<td class=\"tg-yw4l\">Prospective<br \/>\nRecommandations<\/td>\n<\/tr>\n<tr>\n<td class=\"tg-9hbo\">Accompagner<br \/>\nFormer<\/td>\n<td class=\"tg-yw4l\">Enseignements universitaires<br \/>\nInnovations p\u00e9dagogiques<\/td>\n<td class=\"tg-yw4l\">Plan d\u2019actions<br \/>\nOutils et dispositifs<br \/>\nSuivi<br \/>\nCoaching<br \/>\nFormation<\/td>\n<\/tr>\n<\/tbody>\n<\/table>\n","protected":false},"excerpt":{"rendered":"<p>Consulter les missions en cours \u2758 Consulter les missions r\u00e9alis\u00e9es \u2758 Consulter la liste de nos publications Nos missions s\u2019inscrivent dans deux approches compl\u00e9mentaires : la recherche acad\u00e9mique, d\u2019une part, r\u00e9solument tourn\u00e9e vers la compr\u00e9hension des ph\u00e9nom\u00e8nes \u00e9tudi\u00e9s ; et la recherche-intervention, d\u2019autre part, orient\u00e9e vers la mise en place<\/p>\n","protected":false},"author":1,"featured_media":0,"parent":0,"menu_order":0,"comment_status":"closed","ping_status":"closed","template":"","meta":{"footnotes":""},"class_list":["post-18","page","type-page","status-publish","hentry"],"_links":{"self":[{"href":"http:\/\/www.lentic.ulg.ac.be\/index.php\/wp-json\/wp\/v2\/pages\/18","targetHints":{"allow":["GET"]}}],"collection":[{"href":"http:\/\/www.lentic.ulg.ac.be\/index.php\/wp-json\/wp\/v2\/pages"}],"about":[{"href":"http:\/\/www.lentic.ulg.ac.be\/index.php\/wp-json\/wp\/v2\/types\/page"}],"author":[{"embeddable":true,"href":"http:\/\/www.lentic.ulg.ac.be\/index.php\/wp-json\/wp\/v2\/users\/1"}],"replies":[{"embeddable":true,"href":"http:\/\/www.lentic.ulg.ac.be\/index.php\/wp-json\/wp\/v2\/comments?post=18"}],"version-history":[{"count":4,"href":"http:\/\/www.lentic.ulg.ac.be\/index.php\/wp-json\/wp\/v2\/pages\/18\/revisions"}],"predecessor-version":[{"id":5389,"href":"http:\/\/www.lentic.ulg.ac.be\/index.php\/wp-json\/wp\/v2\/pages\/18\/revisions\/5389"}],"wp:attachment":[{"href":"http:\/\/www.lentic.ulg.ac.be\/index.php\/wp-json\/wp\/v2\/media?parent=18"}],"curies":[{"name":"wp","href":"https:\/\/api.w.org\/{rel}","templated":true}]}}